 the value of -751 + 773 + (0 - 14)?
8
What is the value of 8 - (-15 + 14 + (-42 - -19))?
32
What is the value of 60 + -63 + -6 + (5 - 5) + -40?
-49
What is the value of -37 + -27 + 56 + 5 + (7 + -4 - -100)?
100
Calculate -35 + 8 + (4 - 3) - (-4 - -2) - 3.
-27
1 - -2 - 2 - (4 + 55 - -67)
-125
What is 4 + (-67 - -1 - ((-18 - (10 - 11)) + 7))?
-52
What is -6 + -2 - (-62 + -1) - (-53 + 52)?
56
5 + (9 - (16 + 29)) - 68
-99
What is -44 - (1 - (60 + -113))?
-98
What is -31 + 20 + (-25 - (-57 + -38))?
59
Calculate -1 + -1 + -14 + 119 + -87.
16
What is (3 - 0) + -4 + 16 + -18 + -4?
-7
Calculate 76 - (-18 - ((-21 - (-8 + 9 + -6)) + 6)).
84
-134 + -6 + 1 - (-51 - -11)
-99
-7 + -8 + 15 + (-16 + 9 - -66 - -7)
66
What is the value of (-22 - 2) + -170 + 209 + -5?
10
Calculate 5 + -6 + 1 + -15 + -9 + -27 + 26.
-25
Evaluate 7 - (6 - -46 - 3 - (-28 + 17)).
-53
What is the value of (-43 - (-32 - 10)) + 3?
2
Calculate -59 + 96 + -19 + -75.
-57
Calculate -10 + 1 + -14 + (1 - (4 + -5)).
-21
13 - (-3 + 23 - (-67 + 81))
7
Evaluate (68 - 0) + (7083 - 7156).
-5
Calculate (-2 - (-5 + 32)) + 12 + -27 + 13.
-31
Evaluate 42 - (39 - -8) - (-4 - -55).
-56
What is the value of 8 + -3 + 3 - -5 - (-1605 + 1621)?
-3
(-17 - (-28 - 16)) + -10 + -51
-34
-44 + 33 - (-1 + 3 + -1 + 1 - -21)
-34
What is the value of 1 + -27 - (36 - 37 - (18 + -4 - 6))?
-17
Calculate (-850 - -804) + -1 + 133.
86
What is -260 - -249 - (-2 + 2 + -3 + 1) - -37?
28
What is the value of 56 - (74 + -22 + -43)?
47
What is 46 + -9 - (59 + -17) - -102?
97
17 - ((644 - 534) + -5 + 0)
-88
What is (32 - 40) + -6 + 8 + 0?
-6
Calculate 2 - 121 - (-3868 + 3853).
-104
Evaluate -10 - 3 - ((-7 - 4 - 51) + -5).
54
What is the value of (6 + -6 - -7 - (26 - 17)) + 0 - -51?
49
Calculate 2 + 8 + (9 - (78 - 28)).
-31
Calculate 43 + (12 - (-41 + 4) - 29).
63
Evaluate 23 + -3 + 5 + -7 - (282 + -287).
23
Evaluate 226 + (-24 - 45) - (43 + 1).
113
What is (3 - (24 - -7)) + (-2 - -2 - (1 + -8))?
-21
What is the value of -96 - -195 - -14 - 95?
18
Evaluate 3 - (-143 - -109 - (-1 + -9)).
27
What is 40 + -33 + -16 + 9 - 37?
-37
Evaluate -24 - (-59 - (3 + -57)).
-19
What is (20 - (-1 - -64)) + 13 + (2 - -8)?
-20
What is 6 + -6 - (8 + -14 - -9) - 27?
-30
(-10 - 3) + 85 + -86 + -2
-16
What is the value of (-12 - -71) + -7 + 6?
58
12 - (-3 - 38) - 29 - 56
-32
Calculate 11 - -2 - (25 + -20 + 3 - -20) - -8.
-7
Calculate 26 + (7 - (25 - 14)) + -24 - (130 - -2).
-134
Evaluate -17 + 6 + -3 + (-335 - -368).
19
What is 3 - -2 - -4 - (-60 + 3 + 57)?
9
What is -8 - (2 + -4 + -14 - -18 - (-3 + 0))?
-13
-50 + (90 - (-23 - -9))
54
What is the value of (-2 - -2) + -63 + (58 - (49 + 5 + -1))?
-58
What is the value of 79 + 9 - (546 - 510)?
52
What is the value of -2 + -28 + 139 + -159 + 86?
36
3717 + -3725 - (3 - 105)
94
(-46 - (4 + (-18 - -15 - 7))) + (2 - 1)
-39
Calculate -140858 - -140853 - ((-1 - -2) + -1 - (-11 - -1)).
-15
Evaluate -7 - (-3 + 7) - ((-19 - (1 - 90)) + -12).
-69
-18 + 1 + 1 - (-23 + 1)
6
What is (-75 - (3 - 24)) + (0 - 2)?
-56
Calculate -385 + 348 + (28 - (2 - 0)).
-11
Evaluate 0 - -49 - (7 - 27 - (-15 + 4 + -3)).
55
Calculate 76 + -19 + -5 - (56 - 56).
52
(-12 + 16 + 7 - 30) + 28
9
What is -96 + 15 + (117 - 108)?
-72
-12 - (1 + (-8 + 24 + -13 - 5))
-11
Evaluate 19 + (-46 - (-73 + 45 + -1)).
2
Evaluate -41 - (-135 - (80 - 167)).
7
What is the value of 9 + -4 - (5 + (-4 - 19) + 5)?
18
What is the value of 154 + -167 - (21 + -45)?
11
Evaluate 0 + -5 - (398 + -386) - 0.
-17
Calculate 2 + (-63 - 0) - (-20944 + 20973).
-90
39 + 23 + -37 + -80
-55
What is (1 - (9 + -5)) + (5 - (-9 + 16) - -16)?
11
What is the value of -9770 + 9826 - (74 - -1)?
-19
What is the value of (53 - 32) + (-13 - 56) - 15?
-63
Calculate (-16 + 26 + -2 - -8) + -42.
-26
What is 8 + (21 - 19 - 10) - (22 + 0)?
-22
Evaluate (15 - 63) + 31 + -15 + 3.
-29
Evaluate (7 - -14) + (33 + -123 - (3 + 2)).
-74
What is -1 - 7 - ((5 - -7 - 16) + 23 + -16)?
-11
Evaluate (-16 + 29 - (2 + -1)) + (-10 - (-4 - 12)).
18
What is 33 + (-13 - -6) + (-798 - -719)?
-53
Calculate (5 + -2 - -19) + (-13 + 28 - (11 + -2)).
28
1 + (20 + -1 - (-85 - -91) - 1) + -59
-46
Calculate (-179 - -155 - (1 - 71)) + 12.
58
What is 94 - 80 - (0 - (-1 + -3))?
10
Evaluate (6 - (22 - (6 - 4)) - -10) + (7 - 29).
-26
What is the value of (-5 - -2) + -1 - (3 + (-3 - 11) - -7)?
0
Calculate (2 - -9) + 3 + -11 + 24 + (-76 - -1).
-48
Evaluate -26 + 1 - (903 + -954).
26
Calculate 3 + 59 + (-79 - (-138 + 69)).
52
Calculate -30 + (44 - (-39 - -60)).
-7
-40 - ((-33 - -29) + (-3 - -4 - 7 - -11))
-41
Evaluate 12 + (-3 - 74) + 36 + 89.
60
What is -2 + -87 + (556 - 579) + -5 + 2 + 24?
-91
Calculate (-49 + -3 - (43 - 38)) + (15 - 4).
-46
What is -68 - (-71 + 7 + -23)?
19
What is the value of 9 + (17 + -2 + -11 + -12 - (-118 - -3))?
116
What is the value of (-25 - 54) + 45 - (33 - -4)?
-71
Evaluate 2 - -10 - (48 - (21 + -10)).
-25
(9 - 13 - (2 - 0)) + (-910 - -837)
-79
(10 - 1) + -19 + (-42 - -57) + 86
91
-16 - (-13 - -46) - (-1 + 2 + (-25 - -29))
-54
What is (-47 - -1) + 9142 + -9148?
-52
Calculate -38 + 143 - (15 - 8).
98
-20 + 77 - 59 - (-103 + (5 - 5 - -1))
100
66 - 57 - (36 - -6 - (-5 - 2))
-40
4 + (-1 - 12) + -3 + -1 + 11
-2
Evaluate (-36 + -8 - (4 - 2 - -12)) + 13.
-45
Evaluate (39 - (116 + -31 + 19)) + 8.
-57
Calculate 56 - 4 - (617 - 600).
35
Evaluate (0 - 1) + -3 - -14 - (-642 + 621).
31
Evaluate (-3 - -4) + (1 - -2) - (-225 - -243 - 28).
14
What is the value of -15 + (-186 + 163 - (2 + -117))?
77
Evaluate (44 - (-92 + 81)) + -134.
-79
Calculate 10 + (31 - (-3 - (7 - -4 - 17))).
38
Calculate -10 + (6 + (2 - 1) - -12) + 2 + -99.
-88
What is -9 - (15 + (22 - (31 - -15)))?
0
Evaluate -62 + (53 - -34) + -25.
0
What is the value of (2 + -1 - (697 + -689)) + 0 + 11?
4
Evaluate -26 + 17 - -10 - (-11 - -23 - 38).
27
Evaluate (-1 - -10 - (7 - 2)) + 18 + -20.
2
(23 - -2) + -11 - (-3 - -8) - 2
7
What is the value of (-37 - 1) + 56 - 49?
-31
25 - ((72 - 87) + 95)
-55
Evaluate (-31 + -26 - -53) + 39.
35
0 - ((-36 - (-12 - 2)) + -20 + 123)
-81
-25 + (144 - 137) + 153
135
Evaluate 6 + -5 + -20 + 9 + 21 + 46.
57
What is 0 - 8 - (-5533 - -5486)?
39
-3 + 12 + (7 + 13 + -24 - 130 - 5)
-130
What is the value of -3 - (-52 - 25 - -15)?
59
Evaluate -74 + (161 - 73) - (5 - 1).
10
What is the value of 11 + -2 + (34 - (11 + 23)) + 10 + 2?
21
What is -40 + 36 + (7 - (37 - 39))?
5
What is the value of 35 + 22 + (-12 - 5)?
40
Evaluate (0 - 45) + 8 + -19 + 28 + -14.
-42
What is the value of 46 - (-23 - (-7 - 2) - 3 - -14)?
49
(-15 - 12) + 21 + -9 + 1 + 2
-12
Evaluate -318 + (184 - -164) + (-39 - 1).
-10
Evaluate 20 + 30 + -75 + 16.
-9
Evaluate 63 + 2 + (-2 - 5) + (-31 - -30) + 6.
63
Calculate -14 - (-2938 - -2836 - (-45 - 1)).
42
What is the value of -16 - -18 - -19 - (-6 - (-95 - 14))?
-82
Evaluate -4 + 5 + 22 + -16 + -20.
-13
What is the value of (-9 - (-3 + (-3 - -2))) + 1 + 10 - 8?
-2
(28 - (38 - 20)) + (2 - 21) + 46
37
What is the value of -13 + -4 + -3 - (-87 + -108 + 89)?
86
What is 0 + -9 + (-26 - -10 - 4 - -22)?
-7
Calculate 17 - 22 - (12 + -19 + 4).
-2
Calculate -32 + (-2 + -24 - (-825 - -853)).
-86
23 - (19 - (300 - 286 - (0 - 2)))
20
What is the value of -3442 + 3550 - (-7 - (-6 + 4 - (0 - 0)))?
113
What is the value of 21 + 12 + -27 - (-8 + 16 + -15)?
13
What is the value of 21 + -58 + 17 + 19 - (97 + 24)?
-122
13 + -28 + (28 - -32)
45
Calculate 30 - (161 + -32) - -82.
-17
-8 + 3 + (27 - (22 - 0))
0
26 - (27 + 1 + -16 + 9)
5
What is 8 + -5 - (-1031 + 1030 + 6 + -1)?
-1
Evaluate (69 - 164 - 30) + 72.
-53
Evaluate -5 - 3 - (-33 - (5 - (3 + -2))).
29
What is -56 + (-12 + (-1 - -10) - ((-6 - 0) + 0))?
-53
What is the value of -136 - -136 - (18 - 16 - (-36 + 1))?
-37
What is 23 + -7 - 0 - (88 + -2 + -14)?
-56
-4 + (-1718 - -1753) + (-11 + 1 - 0)
21
What is (9 - 1) + (-18 + 0 - (30 - (-6 + 15)))?
-31
What is the value of -18 - ((21 - 1) + -35 + 27 - 139)?
109
What is the value of -26 - 0 - (76 + 26 - 113)?
-15
(7 - 70) + 9 + 8 + -15 - (-13 + 18)
-66
-1221 - -1233 - (23 - (0 + 3))
-8
29 - (-9 + (33 + -42 - (-15 + -1)) - 4)
35
Calculate -83 + (19 - 33) + 30.
-67
Calculate (-63 - -66 - (-1 + -5)) + (-9 - (-17 + 50)).
-33
Evaluate 15 - 1 - 40 - (4 + -4).
-26
-3 + (1 - (-19 - -20) - 36)
-39
(3 - -7) + (21 - (-41 - -67) - (-22 - 1))
28
What is t